of w(m). Give t(-6).
1
Let y be (-102)/14 - 6/(-21). Let s(r) = -8*r**2 - 13*r + 10. Let f = 11 + -16. Let a(g) = 5*g**2 + 9*g - 7. Let i(q) = f*s(q) + y*a(q). What is i(1)?
6
Let c = -135 + 126. Let a(l) = -l - 3. Determine a(c).
6
Let c(x) = -22*x + 20 + 21*x - 13. What is c(0)?
7
Let c(m) be the first derivative of 1 + 1/3*m**3 + 2*m + 3*m**2. Suppose 3*f + 14 = -5*a, 1 = -5*a + 4*f - 27. Calculate c(a).
-6
Let s(g) = g**3 - 8*g**2 + 8*g - 2. Let z be s(7). Let c(f) = z*f**2 - f**3 - 2*f + 4*f + 0*f**2 + 7 + 2*f**3. What is c(-5)?
-3
Let z(n) = n**2 - 4*n + 5. Let j(g) = -4*g**2 + 2*g**2 - 26 + 20*g - g**2 - 3*g**2. Let t be (-1)/(3*(-2)/(-66)). Let p(l) = t*z(l) - 2*j(l). Determine p(-3).
-6
Let h(s) = 11*s**3 + 6*s**2 - 11*s + 4. Let p(a) = -7*a**3 - 4*a**2 + 7*a - 3. Let n(f) = -5*h(f) - 8*p(f). Give n(-3).
-2
Let g(i) = 3*i + 2. Let w be g(-3). Let j(q) = q**3 + 8*q**2 + 6*q + 1. What is j(w)?
8
Suppose -z = -5*z. Suppose -15 = -5*b - z*b, -5*c - 3*b = -24. Let a(f) = 4 + 2*f - c*f + 4*f. Give a(-3).
-5
Suppose a + 5 = 2*a. Suppose 0 = 3*w - a*f - 23, f = 4*w - 3*f - 28. Let z(q) = 96*q + 5 - 2 - 97*q + 2. Give z(w).
-1
Suppose -4*h = -2*h. Suppose 4*m + h*m = -16. Let b(i) = -4*i + 176*i**2 - 89*i**2 + 5 - 88*i**2. What is b(m)?
5
Let z(d) = -3*d**2 - 21*d - 4. Let r(b) = 2*b**2 + 11*b + 2. Let o(j) = 5*r(j) + 3*z(j). Determine o(7).
-9
Let t be (-3)/(15/(-6) - -1). Let q(j) = -j**t - j**3 - j**2 - j + 4 - j - 3*j**2. Give q(-4).
-4
Let t(s) = s**2 - 6*s - 4. Let i be ((-12)/21)/((-3)/21). Determine t(i).
-12
Let c(s) = -s**3 - 3*s**2 + 3*s + 4. Suppose 5*o - 7 = 4*g, -3*g + 4*o - 8 = g. Give c(g).
-5
Let z(x) = -x**2 + 5*x + 4. Suppose 11*r - 56 = 3*r. What is z(r)?
-10
Let x(n) = -n + 10. Suppose -2*u - 16 = -4*u. Let q be x(u). Let h(t) be the first derivative of -t**4/4 + 2*t + 1. What is h(q)?
-6
Suppose -3*t - 4*v + 22 = 0, -5*v = 3*t - 15 - 11. Suppose -13 = -l - t*h, 0 = 3*l + h - 19. Let a(b) = 3 - l*b - 3. Calculate a(-1).
5
Suppose 1 - 4 = 3*f. Let d be (3 - (f - -4)) + 2. Let t(s) be the first derivative of -s**3/3 + s**2/2 + s + 1. Calculate t(d).
-1
Let s(j) = -j**3 + 2*j**2 - 2*j. Let k = 27 + -24. Determine s(k).
-15
Let b(p) = -2*p**2 - p + 4. Let g(l) = 0 + 2 + 5 + l. Let x be g(-10). Determine b(x).
-11
Let k be -2 + 3 - 33/36. Let d(p) be the second derivative of -3*p + p**3 + k*p**4 + p**2 + 0. Calculate d(-5).
-3
Let k(t) = t**2. Let o(g) = -g**2 + g - 4. Let n(v) = 2*k(v) + o(v). Suppose -2*q - 2*q + 4 = 0. Suppose u - 2*i + 19 = 2*i, -2*i = 3*u + q. Calculate n(u).
2
Let i(c) = -c**3 + 2*c**2 + 3*c - 4. Suppose 2*j - 18 = -4. Let t = j - 4. Let l be i(t). Let x(k) = -2*k. Determine x(l).
8
Let h(x) = -1 - 3*x - 2*x + x**3 + 2 + 5*x**2. Suppose -2*z - 2*t - 18 = 0, z - t - 9 = 4*t. Give h(z).
-5
Let z = 3 - 9. Let k be 6/(-4)*20/z. Let t(s) = 6*s - 8. Let x(l) = -11*l + 15. Let w(h) = k*t(h) + 3*x(h). Give w(4).
-7
Suppose -5*s - 11 + 2 = 3*o, 0 = 5*o + 2*s - 4. Let q(g) = 6*g - 3. Give q(o).
9
Let r(t) be the third derivative of -t**7/5040 - t**6/120 - 2*t**5/15 - 8*t**2. Let p(o) be the third derivative of r(o). Calculate p(-6).
0
Let m(l) = -l**3 - 4*l**2 - 1. Let s be (153/(-68))/(2/(-8)). Let v = -12 + s. What is m(v)?
-10
Let s(d) = 0*d - 4*d**2 + d + 5 - d**3 - 1. Calculate s(-4).
0
Let y(t) = t**2 - 6*t + 3. Let k = -15 - -19. Calculate y(k).
-5
Suppose -b = -6 + 1. Suppose -2*g + 15 = -s, b*s = -g - 2*g - 10. Let m(y) = -3*y + 7. Calculate m(g).
-8
Let i(z) = z + 8. Let q(f) = -f**3 - 7*f**2 + 9*f + 8. Let h be q(-8). Determine i(h).
8
Suppose 0 = -3*m - 3 - 6. Let g(q) = q + 3. Let w be g(m). Suppose 2*p = -l, l + 3 = -5*p - w*l. Let f(j) = -3*j**3 - 2*j - 1. Calculate f(p).
4
Suppose 7*l - 4*l = 12. Let w = -1 - -5. Let j(m) = 2*m - 4*m + w*m - 3. What is j(l)?
5
Let z(q) = -7*q**2 + 4*q. Let f(i) = -6*i**2 + 4*i. Let b(a) = -5*f(a) + 4*z(a). Let j be 105/45 - (-4)/6. Give b(j).
6
Let i(t) = t**3 + 5*t**2 + 3*t. Let f be i(-4). Suppose -2*s + 4*k + 4 = -3*s, s - f*k = 12. Let p(x) = x**3 - 3*x**2 - 3*x + 1. Calculate p(s).
5
Let k(g) = 11*g - 18. Let s(x) = 7*x - 12. Let c(r) = -5*k(r) + 8*s(r). Let v(y) = -2 - 3*y**3 + 2*y**3 + 6 - 4*y**2. Let l be v(-4). Calculate c(l).
-2
Suppose 0 = -5*v - 5, 6*v - 2*v = -5*k - 4. Let z(x) = -x + 1 + k*x - 5*x**2 + 0*x. Let o = 5 + -4. Calculate z(o).
-5
Let y(x) be the third derivative of -x**6/120 - x**5/30 - x**4/24 - x**3/6 - 8*x**2. Calculate y(-1).
-1
Let z(m) = m**3 + 10*m**2 + 8*m - 10. Let q be z(-9). Suppose -6*j + 9 = -j - 3*p, 0 = -j + 3*p + 9. Let a(t) = j*t - 1 + 4*t**2 - 2*t**2 - 2*t. Calculate a(q).
3
Let r(w) be the third derivative of w**6/120 + w**5/15 + w**4/24 + 2*w**3/3 - 2*w**2. Let x be 52/(-14) + (-10)/35. Determine r(x).
0
Let g(l) = -l - 2. Let n(q) = q**3 - 4*q**2 + 2*q + 1. Let v be n(2). Let u = v + 1. Let j be u/(2*1/2). Give g(j).
0
Let u(n) = -n**2 + 1. Let s(j) = 5*j**2 + 3 - j - 2*j**2 - 9. Let b(d) = s(d) + 6*u(d). Determine b(-1).
-2
Let n(g) be the first derivative of g**6/120 - g**4/24 - g**3/3 + 2*g**2 + 5. Let l(q) be the second derivative of n(q). Determine l(2).
4
Let q(m) = 2. Let s(h) = h**2 + 1. Let o(k) = -q(k) + 2*s(k). Determine o(2).
8
Let d(j) = -j**2 + 6 + 4 + 0 - 6*j - 4*j. Let l(g) = g - 1. Let c(f) = d(f) + 5*l(f). What is c(-6)?
-1
Suppose -6*n = -2*n - 12. Let j(a) = -a. Let i(f) = -f**2 - 5*f + 4. Let u be i(-5). Let p(x) = 2*x + 3. Let h(l) = u*j(l) + p(l). Calculate h(n).
-3
Let h(s) = -s - 5. Let w = -3 + 3. Suppose w = -3*v - 1 - 2. Let m be ((-1)/(-1))/(v/5). Give h(m).
0
Let q = 2 - 1. Let i(l) = l + 1. Let r(f) = -f**2 + 2*f + 2. Let o(p) = -4*i(p) + 2*r(p). What is o(q)?
-2
Let b(p) = p**2 + 6*p + 2. Suppose -2*f = -a + 3, -5*a - 3*f = -3*a + 1. Suppose -5 = -2*o + a. Let t = -1 - o. Calculate b(t).
-6
Let u(i) be the second derivative of i**7/2520 - i**6/720 - i**5/60 + i**4/6 + i. Let g(q) be the third derivative of u(q). What is g(2)?
0
Let p(t) = 2*t**2 - 1. Let v be p(-1). Let h(z) = -6*z - 3. Let f(s) = -s**2 + 11*s + 5. Let w(k) = -4*f(k) - 7*h(k). What is w(v)?
3
Suppose 0 = -5*t, 4*t + 5 = -5*r + 30. Let h(d) = d**2 - 4*d - 3. Calculate h(r).
2
Let j = -13 + 17. Let u(b) = -5*b + 1. Let x(g) = -14*g + 4. Let z(c) = 8*u(c) - 3*x(c). Determine z(j).
4
Suppose -d - 2 = -2*j - 5, 0 = d + 4*j + 3. Let o(u) = u**2 + 5*u + 2. Let a be o(-5). Let g(r) = -r**2 + 4*r + r**a + r**2 - d. Give g(-4).
-1
Let x(p) be the third derivative of -p**4/24 + p**2. Suppose 0 = m + 3*w - 15, -m - 2*w + 0 + 16 = 0. Let s be 14/(-63) - 14/m. What is x(s)?
1
Let i(x) = x**2 + 3*x - 2. Suppose 4*a = 5*n + 29, -5*n + 3*a + 3 = 31. Determine i(n).
8
Let h(v) = -2*v**2 + 4. Let u = -38 - -35. Determine h(u).
-14
Suppose -5 = -w + 14. Let m(x) = -w - x + 6 + 2*x. Give m(6).
-7
Let b = 20 + -17. Let r(q) = q**2 - 3. Determine r(b).
6
Let f(j) be the third derivative of j**5/30 + j**4/8 + j**3/2 - 3*j**2. Let v be f(-2). Let i(g) = -g**2 + 6*g + 3. What is i(v)?
8
Suppose 28 = -6*q - 2. Let f(t) = t + 9. What is f(q)?
4
Let f(c) = -c**2 + 4*c - 2. Let b(v) = -v - 1. Let k be b(-6). Let l(h) = 1 - k*h + 2 + h**2 - 1. Let j(q) = 5*f(q) + 4*l(q). Give j(0).
-2
Suppose -4*c - 17 - 35 = 0. Let k = c - -19. Let t(q) = 2*q - 8. What is t(k)?
4
Suppose 4*s = -3*m + 21, 2*s + m + 0*m - 9 = 0. Let d(y) = 2*y**2 + 4 - y**s + y + 0*y + 5*y - 7*y**2. Calculate d(-6).
4
Suppose 0 = -5*l + 3*v - 22, -v + 12 = l - 5*l. Suppose -2*x - 8 = -6*x. Let o(d) = 2*d + 4*d + 2 - x*d. Calculate o(l).
-6
Let i(l) = 4*l - 3*l - 1 - 2*l**2 - 6*l + 8*l + l**3. Calculate i(2).
5
Let l(y) = -y**2 + 5*y + 1. Let m be l(5). Let z(r) = 3*r**2 + 4 - 4. Calculate z(m).
3
Suppose 0 = -5*z - 5*t, 0*t + 3*t + 10 = 2*z. Suppose -3*h = -z*h - 3. Let a(s) = s - 4. What is a(h)?
-1
Let c(d) = -d**3 + 7*d**2 + 7*d - 1. Let j = 63 - 55. Calculate c(j).
-9
Suppose 10 = q + 4*q. Let c(i) be the second derivative of -i**4/12 - i**3/3 - i**2/2 - i. What is c(q)?
-9
Let h(g) be the second derivative of -g**4/12 - g**3/2 + g**2/2 - 7*g. Let t(b) = -4*b**2 + b. Let f be t(1). What is h(f)?
1
Let k(s) be the first derivative of s**4/4 + 2*s**3/3 + s**2 - 3*s - 1. Let l(u) be the first derivative of k(u). Give l(-2).
6
Let d(c) = -c - 1. Suppose 4*m - 4*r - 28 = 0, -2*m + 3